{"id":80022,"date":"2026-02-24T08:06:36","date_gmt":"2026-02-24T07:06:36","guid":{"rendered":"https:\/\/www.leoben.at\/?post_type=events&#038;p=80022"},"modified":"2026-04-10T10:36:25","modified_gmt":"2026-04-10T08:36:25","slug":"vital-pass-kinder-musikalisch","status":"publish","type":"events","link":"https:\/\/www.leoben.at\/en\/events\/vital-pass-kinder-musikalisch\/","title":{"rendered":"Vital-Pass Kinder &amp; Jugend: Musikalische Fr\u00fcherziehung"},"content":{"rendered":"","protected":false},"author":26,"featured_media":0,"template":"","facilities":[],"holiday_themes":[],"event_towns":[],"event_locations":[],"class_list":["post-80022","events","type-events","status-publish","hentry"],"acf":[],"yoast_head":"<!-- This site is optimized with the Yoast SEO plugin v27.4 - https:\/\/yoast.com\/product\/yoast-seo-wordpress\/ -->\n<title>Vital-Pass Kinder &amp; Jugend: Musikalische Fr\u00fcherziehung - Stadt Leoben<\/title>\n<meta name=\"description\" content=\"Die \u00d6GK bietet in Zusammenarbeit mit der Apotheke zur H\u00fctte in Leoben-Donawitz einen interessanten Vortrag rund um das Thema \u201eHausmittel\u201c.\" \/>\n<meta name=\"robots\" content=\"index, follow, max-snippet:-1, max-image-preview:large, max-video-preview:-1\" \/>\n<link rel=\"canonical\" href=\"https:\/\/www.leoben.at\/en\/events\/vital-pass-kinder-musikalisch\/\" \/>\n<meta property=\"og:locale\" content=\"en_US\" \/>\n<meta property=\"og:type\" content=\"article\" \/>\n<meta property=\"og:title\" content=\"Vital-Pass Kinder &amp; Jugend: Musikalische Fr\u00fcherziehung - Stadt Leoben\" \/>\n<meta property=\"og:description\" content=\"Die \u00d6GK bietet in Zusammenarbeit mit der Apotheke zur H\u00fctte in Leoben-Donawitz einen interessanten Vortrag rund um das Thema \u201eHausmittel\u201c.\" \/>\n<meta property=\"og:url\" content=\"https:\/\/www.leoben.at\/en\/events\/vital-pass-kinder-musikalisch\/\" \/>\n<meta property=\"og:site_name\" content=\"Stadt Leoben\" \/>\n<meta property=\"article:modified_time\" content=\"2026-04-10T08:36:25+00:00\" \/>\n<meta property=\"og:image\" content=\"https:\/\/www.leoben.at\/wp-content\/uploads\/2026\/02\/musikalische-frueherziehung-c-Pixabay.jpg\" \/>\n\t<meta property=\"og:image:width\" content=\"1000\" \/>\n\t<meta property=\"og:image:height\" content=\"667\" \/>\n\t<meta property=\"og:image:type\" content=\"image\/jpeg\" \/>\n<meta name=\"twitter:card\" content=\"summary_large_image\" \/>\n<meta name=\"twitter:label1\" content=\"Est. reading time\" \/>\n\t<meta name=\"twitter:data1\" content=\"1 minute\" \/>\n<script type=\"application\/ld+json\" class=\"yoast-schema-graph\">{\"@context\":\"https:\\\/\\\/schema.org\",\"@graph\":[{\"@type\":\"WebPage\",\"@id\":\"https:\\\/\\\/www.leoben.at\\\/en\\\/events\\\/vital-pass-kinder-musikalisch\\\/\",\"url\":\"https:\\\/\\\/www.leoben.at\\\/en\\\/events\\\/vital-pass-kinder-musikalisch\\\/\",\"name\":\"Vital-Pass Kinder &amp; Jugend: Musikalische Fr\u00fcherziehung - Stadt Leoben\",\"isPartOf\":{\"@id\":\"https:\\\/\\\/www.leoben.at\\\/en\\\/#website\"},\"datePublished\":\"2026-02-24T07:06:36+00:00\",\"dateModified\":\"2026-04-10T08:36:25+00:00\",\"description\":\"Die \u00d6GK bietet in Zusammenarbeit mit der Apotheke zur H\u00fctte in Leoben-Donawitz einen interessanten Vortrag rund um das Thema \u201eHausmittel\u201c.\",\"breadcrumb\":{\"@id\":\"https:\\\/\\\/www.leoben.at\\\/en\\\/events\\\/vital-pass-kinder-musikalisch\\\/#breadcrumb\"},\"inLanguage\":\"en-US\",\"potentialAction\":[{\"@type\":\"ReadAction\",\"target\":[\"https:\\\/\\\/www.leoben.at\\\/en\\\/events\\\/vital-pass-kinder-musikalisch\\\/\"]}]},{\"@type\":\"BreadcrumbList\",\"@id\":\"https:\\\/\\\/www.leoben.at\\\/en\\\/events\\\/vital-pass-kinder-musikalisch\\\/#breadcrumb\",\"itemListElement\":[{\"@type\":\"ListItem\",\"position\":1,\"name\":\"Startseite\",\"item\":\"https:\\\/\\\/www.leoben.at\\\/en\\\/startseite\\\/\"},{\"@type\":\"ListItem\",\"position\":2,\"name\":\"Vital-Pass Kinder &amp; Jugend: Musikalische Fr\u00fcherziehung\"}]},{\"@type\":\"WebSite\",\"@id\":\"https:\\\/\\\/www.leoben.at\\\/en\\\/#website\",\"url\":\"https:\\\/\\\/www.leoben.at\\\/en\\\/\",\"name\":\"Stadt Leoben\",\"description\":\"Informationen and Services der Stadtverwaltung Leoben\",\"potentialAction\":[{\"@type\":\"SearchAction\",\"target\":{\"@type\":\"EntryPoint\",\"urlTemplate\":\"https:\\\/\\\/www.leoben.at\\\/en\\\/?s={search_term_string}\"},\"query-input\":{\"@type\":\"PropertyValueSpecification\",\"valueRequired\":true,\"valueName\":\"search_term_string\"}}],\"inLanguage\":\"en-US\"}]}<\/script>\n<!-- \/ Yoast SEO plugin. -->","yoast_head_json":{"title":"Vital-Pass Kinder &amp; Jugend: Musikalische Fr\u00fcherziehung - Stadt Leoben","description":"Die \u00d6GK bietet in Zusammenarbeit mit der Apotheke zur H\u00fctte in Leoben-Donawitz einen interessanten Vortrag rund um das Thema \u201eHausmittel\u201c.","robots":{"index":"index","follow":"follow","max-snippet":"max-snippet:-1","max-image-preview":"max-image-preview:large","max-video-preview":"max-video-preview:-1"},"canonical":"https:\/\/www.leoben.at\/en\/events\/vital-pass-kinder-musikalisch\/","og_locale":"en_US","og_type":"article","og_title":"Vital-Pass Kinder &amp; Jugend: Musikalische Fr\u00fcherziehung - Stadt Leoben","og_description":"Die \u00d6GK bietet in Zusammenarbeit mit der Apotheke zur H\u00fctte in Leoben-Donawitz einen interessanten Vortrag rund um das Thema \u201eHausmittel\u201c.","og_url":"https:\/\/www.leoben.at\/en\/events\/vital-pass-kinder-musikalisch\/","og_site_name":"Stadt Leoben","article_modified_time":"2026-04-10T08:36:25+00:00","og_image":[{"width":1000,"height":667,"url":"https:\/\/www.leoben.at\/wp-content\/uploads\/2026\/02\/musikalische-frueherziehung-c-Pixabay.jpg","type":"image\/jpeg"}],"twitter_card":"summary_large_image","twitter_misc":{"Est. reading time":"1 minute"},"schema":{"@context":"https:\/\/schema.org","@graph":[{"@type":"WebPage","@id":"https:\/\/www.leoben.at\/en\/events\/vital-pass-kinder-musikalisch\/","url":"https:\/\/www.leoben.at\/en\/events\/vital-pass-kinder-musikalisch\/","name":"Vital-Pass Kinder &amp; Jugend: Musikalische Fr\u00fcherziehung - Stadt Leoben","isPartOf":{"@id":"https:\/\/www.leoben.at\/en\/#website"},"datePublished":"2026-02-24T07:06:36+00:00","dateModified":"2026-04-10T08:36:25+00:00","description":"Die \u00d6GK bietet in Zusammenarbeit mit der Apotheke zur H\u00fctte in Leoben-Donawitz einen interessanten Vortrag rund um das Thema \u201eHausmittel\u201c.","breadcrumb":{"@id":"https:\/\/www.leoben.at\/en\/events\/vital-pass-kinder-musikalisch\/#breadcrumb"},"inLanguage":"en-US","potentialAction":[{"@type":"ReadAction","target":["https:\/\/www.leoben.at\/en\/events\/vital-pass-kinder-musikalisch\/"]}]},{"@type":"BreadcrumbList","@id":"https:\/\/www.leoben.at\/en\/events\/vital-pass-kinder-musikalisch\/#breadcrumb","itemListElement":[{"@type":"ListItem","position":1,"name":"Startseite","item":"https:\/\/www.leoben.at\/en\/startseite\/"},{"@type":"ListItem","position":2,"name":"Vital-Pass Kinder &amp; Jugend: Musikalische Fr\u00fcherziehung"}]},{"@type":"WebSite","@id":"https:\/\/www.leoben.at\/en\/#website","url":"https:\/\/www.leoben.at\/en\/","name":"Stadt Leoben","description":"Informationen and Services der Stadtverwaltung Leoben","potentialAction":[{"@type":"SearchAction","target":{"@type":"EntryPoint","urlTemplate":"https:\/\/www.leoben.at\/en\/?s={search_term_string}"},"query-input":{"@type":"PropertyValueSpecification","valueRequired":true,"valueName":"search_term_string"}}],"inLanguage":"en-US"}]}},"_links":{"self":[{"href":"https:\/\/www.leoben.at\/en\/wp-json\/wp\/v2\/events\/80022","targetHints":{"allow":["GET"]}}],"collection":[{"href":"https:\/\/www.leoben.at\/en\/wp-json\/wp\/v2\/events"}],"about":[{"href":"https:\/\/www.leoben.at\/en\/wp-json\/wp\/v2\/types\/events"}],"author":[{"embeddable":true,"href":"https:\/\/www.leoben.at\/en\/wp-json\/wp\/v2\/users\/26"}],"version-history":[{"count":6,"href":"https:\/\/www.leoben.at\/en\/wp-json\/wp\/v2\/events\/80022\/revisions"}],"predecessor-version":[{"id":81496,"href":"https:\/\/www.leoben.at\/en\/wp-json\/wp\/v2\/events\/80022\/revisions\/81496"}],"wp:attachment":[{"href":"https:\/\/www.leoben.at\/en\/wp-json\/wp\/v2\/media?parent=80022"}],"wp:term":[{"taxonomy":"facilities","embeddable":true,"href":"https:\/\/www.leoben.at\/en\/wp-json\/wp\/v2\/facilities?post=80022"},{"taxonomy":"holiday_themes","embeddable":true,"href":"https:\/\/www.leoben.at\/en\/wp-json\/wp\/v2\/holiday_themes?post=80022"},{"taxonomy":"event_towns","embeddable":true,"href":"https:\/\/www.leoben.at\/en\/wp-json\/wp\/v2\/event_towns?post=80022"},{"taxonomy":"event_locations","embeddable":true,"href":"https:\/\/www.leoben.at\/en\/wp-json\/wp\/v2\/event_locations?post=80022"}],"curies":[{"name":"wp","href":"https:\/\/api.w.org\/{rel}","templated":true}]}}

Vital-Pass Kinder &amp; Jugend: Musikalische Früherziehung

<!-- This site is optimized with the Yoast SEO plugin v27.4 - https://yoast.com/product/yoast-seo-wordpress/ -->
<title>Vital-Pass Kinder &amp; Jugend: Musikalische Früherziehung - Stadt Leoben</title>
<meta name="description" content="Die ÖGK bietet in Zusammenarbeit mit der Apotheke zur Hütte in Leoben-Donawitz einen interessanten Vortrag rund um das Thema „Hausmittel“." />
<meta name="robots" content="index, follow, max-snippet:-1, max-image-preview:large, max-video-preview:-1" />
<link rel="canonical" href="https://www.leoben.at/en/events/vital-pass-kinder-musikalisch/" />
<meta property="og:locale" content="en_US" />
<meta property="og:type" content="article" />
<meta property="og:title" content="Vital-Pass Kinder &amp; Jugend: Musikalische Früherziehung - Stadt Leoben" />
<meta property="og:description" content="Die ÖGK bietet in Zusammenarbeit mit der Apotheke zur Hütte in Leoben-Donawitz einen interessanten Vortrag rund um das Thema „Hausmittel“." />
<meta property="og:url" content="https://www.leoben.at/en/events/vital-pass-kinder-musikalisch/" />
<meta property="og:site_name" content="Stadt Leoben" />
<meta property="article:modified_time" content="2026-04-10T08:36:25+00:00" />
<meta property="og:image" content="https://www.leoben.at/wp-content/uploads/2026/02/musikalische-frueherziehung-c-Pixabay.jpg" />
	<meta property="og:image:width" content="1000" />
	<meta property="og:image:height" content="667" />
	<meta property="og:image:type" content="image/jpeg" />
<meta name="twitter:card" content="summary_large_image" />
<meta name="twitter:label1" content="Est. reading time" />
	<meta name="twitter:data1" content="1 minute" />
<script type="application/ld+json" class="yoast-schema-graph">{"@context":"https:\/\/schema.org","@graph":[{"@type":"WebPage","@id":"https:\/\/www.leoben.at\/en\/events\/vital-pass-kinder-musikalisch\/","url":"https:\/\/www.leoben.at\/en\/events\/vital-pass-kinder-musikalisch\/","name":"Vital-Pass Kinder &amp; Jugend: Musikalische Früherziehung - Stadt Leoben","isPartOf":{"@id":"https:\/\/www.leoben.at\/en\/#website"},"datePublished":"2026-02-24T07:06:36+00:00","dateModified":"2026-04-10T08:36:25+00:00","description":"Die ÖGK bietet in Zusammenarbeit mit der Apotheke zur Hütte in Leoben-Donawitz einen interessanten Vortrag rund um das Thema „Hausmittel“.","breadcrumb":{"@id":"https:\/\/www.leoben.at\/en\/events\/vital-pass-kinder-musikalisch\/#breadcrumb"},"inLanguage":"en-US","potentialAction":[{"@type":"ReadAction","target":["https:\/\/www.leoben.at\/en\/events\/vital-pass-kinder-musikalisch\/"]}]},{"@type":"BreadcrumbList","@id":"https:\/\/www.leoben.at\/en\/events\/vital-pass-kinder-musikalisch\/#breadcrumb","itemListElement":[{"@type":"ListItem","position":1,"name":"Startseite","item":"https:\/\/www.leoben.at\/en\/startseite\/"},{"@type":"ListItem","position":2,"name":"Vital-Pass Kinder &amp; Jugend: Musikalische Früherziehung"}]},{"@type":"WebSite","@id":"https:\/\/www.leoben.at\/en\/#website","url":"https:\/\/www.leoben.at\/en\/","name":"Stadt Leoben","description":"Informationen and Services der Stadtverwaltung Leoben","potentialAction":[{"@type":"SearchAction","target":{"@type":"EntryPoint","urlTemplate":"https:\/\/www.leoben.at\/en\/?s={search_term_string}"},"query-input":{"@type":"PropertyValueSpecification","valueRequired":true,"valueName":"search_term_string"}}],"inLanguage":"en-US"}]}</script>
<!-- / Yoast SEO plugin. -->

Vital-Pass Kinder &amp; Jugend: Musikalische Früherziehung - Stadt Leoben

Die ÖGK bietet in Zusammenarbeit mit der Apotheke zur Hütte in Leoben-Donawitz einen interessanten Vortrag rund um das Thema „Hausmittel“.
